{"id":42,"date":"2024-11-13T16:42:44","date_gmt":"2024-11-13T13:42:44","guid":{"rendered":"http:\/\/catalhoyukdogader.org.tr\/?page_id=42"},"modified":"2024-11-13T17:01:16","modified_gmt":"2024-11-13T14:01:16","slug":"bunlari-biliyor-musunuz","status":"publish","type":"page","link":"http:\/\/catalhoyukdogader.org.tr\/index.php\/bunlari-biliyor-musunuz\/","title":{"rendered":"Bunlar\u0131 biliyor musunuz?"},"content":{"rendered":"\n<ul class=\"wp-block-list\">\n<li>A\u011fa\u00e7lar\u0131n g\u00f6vdesi yaz mevsiminde, k\u00f6kleri ise sonbahar ve k\u0131\u015f mevsiminde b\u00fcy\u00fcr<\/li>\n\n\n\n<li>Me\u015fe a\u011fa\u00e7lar\u0131 50 ya\u015f\u0131na kadar me\u015fe palamudu \u00fcretmezler ve y\u0131ld\u0131r\u0131m\u0131 en \u00e7ok \u00e7eken a\u011fa\u00e7lard\u0131r<\/li>\n\n\n\n<li>Size yolu g\u00f6sterebilirler. Dallar\u0131n\u0131 en fazla g\u00fcne\u015f \u0131\u015f\u0131\u011f\u0131 alacaklar\u0131 yere yeti\u015ftirirler. Bu y\u00fczden a\u011fa\u00e7lar genellikle daha fazla g\u00fcne\u015f \u0131\u015f\u0131\u011f\u0131n\u0131n oldu\u011fu g\u00fcneye do\u011fru daha fazla dala sahiptir . Kuzey taraflar\u0131nda, dallar g\u00f6ky\u00fcz\u00fcne do\u011fru uzanma e\u011filimindedir ve birka\u00e7 \u0131\u015f\u0131n yakalamak i\u00e7in rekabet ederler.<\/li>\n\n\n\n<li>Bir hektar (100x100m= 10.000 m\u00b2) ladin orman\u0131 y\u0131lda 32 ton, kay\u0131n orman\u0131 68 ton, \u00c7am orman\u0131 ise 30 ton tozu emer.<\/li>\n\n\n\n<li>50 m geni\u015fli\u011findeki bir otoyolun g\u00fcr\u00fclt\u00fcs\u00fc orman ile 20-30 desibel azal\u0131r.<\/li>\n\n\n\n<li>Orman, a\u011fa\u00e7s\u0131z alana g\u00f6re 8 kat fazla humus olu\u015fturur ve toprak canl\u0131lar\u0131n\u0131n ya\u015famas\u0131na olanak sa\u011flar<\/li>\n\n\n\n<li>25 m boyunda ve 15 m tepe \u00e7at\u0131s\u0131na sahip bir kay\u0131n a\u011fac\u0131 saatte 1,5 kg oksijen \u00fcretir<\/li>\n\n\n\n<li>100 ya\u015f\u0131ndaki bir kay\u0131n a\u011fac\u0131 saatte yakla\u015f\u0131k 40 ki\u015finin \u00e7\u0131kard\u0131\u011f\u0131 2.35 kg karbondioksiti t\u00fcketir.<\/li>\n\n\n\n<li>Bir milyon ton ka\u011f\u0131t \u00fcretmek i\u00e7in ortalama \u00e7eyrek milyon a\u011fa\u00e7 gerekir. Bir A4 yapra\u011f\u0131n\u0131n \u00fcretimi i\u00e7in ortalama 15-20 gram odun gereklidir<\/li>\n\n\n\n<li>Tek bir a\u011fac\u0131 kesilmekten kurtarmak i\u00e7in yakla\u015f\u0131k 80 kg at\u0131k ka\u011f\u0131d\u0131n geri d\u00f6n\u00fc\u015ft\u00fcr\u00fclmesi gerekiyor.<\/li>\n\n\n\n<li>D\u00fcnyadaki ortalama bir a\u011fa\u00e7 y\u0131lda 100 bin metrek\u00fcp havay\u0131 filtreler.<\/li>\n\n\n\n<li>\u0130ki olgun a\u011fa\u00e7, d\u00f6rt ki\u015filik bir aile i\u00e7in yeterli oksijen sa\u011flayabilir<\/li>\n\n\n\n<li>A\u011fa\u00e7lar ruh ve beden sa\u011fl\u0131\u011f\u0131na iyi geliyor. A\u011fa\u00e7l\u0131k alanda y\u00fcr\u00fcy\u00fc\u015f yapman\u0131n kan bas\u0131nc\u0131n\u0131z\u0131 d\u00fc\u015f\u00fcrebilece\u011fini, kalp at\u0131\u015f h\u0131z\u0131n\u0131z\u0131 yava\u015flatabilece\u011fini ve stres seviyelerini azaltabilece\u011fi, ba\u011f\u0131\u015f\u0131kl\u0131\u011f\u0131n\u0131z\u0131n y\u00fckseltece\u011fini g\u00f6steriyor.<\/li>\n\n\n\n<li><\/li>\n<\/ul>\n\n\n\n<p>d\u00fcnyan\u0131n en uzun a\u011fac\u0131 hyperion 115.55 metre y\u00fcksekli\u011findedir.<\/p>\n\n\n\n<figure class=\"wp-block-gallery has-nested-images columns-default is-cropped wp-block-gallery-1 is-layout-flex wp-block-gallery-is-layout-flex\">\n<figure class=\"wp-block-image size-large\"><img loading=\"lazy\" decoding=\"async\" width=\"770\" height=\"513\" data-id=\"43\" src=\"http:\/\/catalhoyukdogader.org.tr\/wp-content\/uploads\/2024\/11\/en_uzun_agac.png\" alt=\"\" class=\"wp-image-43\" srcset=\"http:\/\/catalhoyukdogader.org.tr\/wp-content\/uploads\/2024\/11\/en_uzun_agac.png 770w, http:\/\/catalhoyukdogader.org.tr\/wp-content\/uploads\/2024\/11\/en_uzun_agac-300x200.png 300w, http:\/\/catalhoyukdogader.org.tr\/wp-content\/uploads\/2024\/11\/en_uzun_agac-768x512.png 768w\" sizes=\"(max-width: 770px) 100vw, 770px\" \/><\/figure>\n<\/figure>\n\n\n\n<p>d\u00fcnyadaki en zehirli a\u011fa\u00e7, florida\u2019ya \u00f6zg\u00fc olan \u201cmanchineel\u201d isimli a\u011fa\u00e7t\u0131r<\/p>\n\n\n\n<figure class=\"wp-block-gallery has-nested-images columns-default is-cropped wp-block-gallery-2 is-layout-flex wp-block-gallery-is-layout-flex\">\n<figure class=\"wp-block-image size-large\"><img loading=\"lazy\" decoding=\"async\" width=\"800\" height=\"601\" data-id=\"44\" src=\"http:\/\/catalhoyukdogader.org.tr\/wp-content\/uploads\/2024\/11\/en-zehirli-agac.jpg\" alt=\"\" class=\"wp-image-44\" srcset=\"http:\/\/catalhoyukdogader.org.tr\/wp-content\/uploads\/2024\/11\/en-zehirli-agac.jpg 800w, http:\/\/catalhoyukdogader.org.tr\/wp-content\/uploads\/2024\/11\/en-zehirli-agac-300x225.jpg 300w, http:\/\/catalhoyukdogader.org.tr\/wp-content\/uploads\/2024\/11\/en-zehirli-agac-768x577.jpg 768w\" sizes=\"(max-width: 800px) 100vw, 800px\" \/><\/figure>\n<\/figure>\n\n\n\n<p>meksika\u2019da bulunan, \u201ctree of tule\u201d olarak bilinen a\u011fa\u00e7; d\u00fcnyan\u0131n en sa\u011flam ve en geni\u015f g\u00f6vdesine sahip a\u011fac\u0131d\u0131r<\/p>\n\n\n\n<figure class=\"wp-block-gallery has-nested-images columns-default is-cropped wp-block-gallery-3 is-layout-flex wp-block-gallery-is-layout-flex\">\n<figure class=\"wp-block-image size-large\"><img loading=\"lazy\" decoding=\"async\" width=\"800\" height=\"601\" data-id=\"45\" src=\"http:\/\/catalhoyukdogader.org.tr\/wp-content\/uploads\/2024\/11\/dunyanin-en-saglam-ve-en-genis-govdesine-sahip-agac.jpg\" alt=\"\" class=\"wp-image-45\" srcset=\"http:\/\/catalhoyukdogader.org.tr\/wp-content\/uploads\/2024\/11\/dunyanin-en-saglam-ve-en-genis-govdesine-sahip-agac.jpg 800w, http:\/\/catalhoyukdogader.org.tr\/wp-content\/uploads\/2024\/11\/dunyanin-en-saglam-ve-en-genis-govdesine-sahip-agac-300x225.jpg 300w, http:\/\/catalhoyukdogader.org.tr\/wp-content\/uploads\/2024\/11\/dunyanin-en-saglam-ve-en-genis-govdesine-sahip-agac-768x577.jpg 768w\" sizes=\"(max-width: 800px) 100vw, 800px\" \/><\/figure>\n<\/figure>\n\n\n\n<p>g\u00f6kku\u015fa\u011f\u0131 okalipt\u00fcs a\u011fac\u0131<\/p>\n\n\n\n<figure class=\"wp-block-gallery has-nested-images columns-default is-cropped wp-block-gallery-4 is-layout-flex wp-block-gallery-is-layout-flex\">\n<figure class=\"wp-block-image size-large\"><img loading=\"lazy\" decoding=\"async\" width=\"800\" height=\"533\" data-id=\"46\" src=\"http:\/\/catalhoyukdogader.org.tr\/wp-content\/uploads\/2024\/11\/gokkusagi-okaliptusu.jpg\" alt=\"\" class=\"wp-image-46\" srcset=\"http:\/\/catalhoyukdogader.org.tr\/wp-content\/uploads\/2024\/11\/gokkusagi-okaliptusu.jpg 800w, http:\/\/catalhoyukdogader.org.tr\/wp-content\/uploads\/2024\/11\/gokkusagi-okaliptusu-300x200.jpg 300w, http:\/\/catalhoyukdogader.org.tr\/wp-content\/uploads\/2024\/11\/gokkusagi-okaliptusu-768x512.jpg 768w\" sizes=\"(max-width: 800px) 100vw, 800px\" \/><\/figure>\n<\/figure>\n\n\n\n<p>baobab a\u011fac\u0131 g\u00f6vdesinde 120 000 litre su depolayabilir<\/p>\n\n\n\n<figure class=\"wp-block-gallery has-nested-images columns-default is-cropped wp-block-gallery-5 is-layout-flex wp-block-gallery-is-layout-flex\">\n<figure class=\"wp-block-image size-large\"><img loading=\"lazy\" decoding=\"async\" width=\"768\" height=\"472\" data-id=\"47\" src=\"http:\/\/catalhoyukdogader.org.tr\/wp-content\/uploads\/2024\/11\/Baobab-agaci.jpg\" alt=\"\" class=\"wp-image-47\" srcset=\"http:\/\/catalhoyukdogader.org.tr\/wp-content\/uploads\/2024\/11\/Baobab-agaci.jpg 768w, http:\/\/catalhoyukdogader.org.tr\/wp-content\/uploads\/2024\/11\/Baobab-agaci-300x184.jpg 300w\" sizes=\"(max-width: 768px) 100vw, 768px\" \/><\/figure>\n<\/figure>\n","protected":false},"excerpt":{"rendered":"<p>d\u00fcnyan\u0131n en uzun a\u011fac\u0131 hyperion 115.55 metre y\u00fcksekli\u011findedir. d\u00fcnyadaki en zehirli a\u011fa\u00e7, florida\u2019ya \u00f6zg\u00fc olan \u201cmanchineel\u201d isimli a\u011fa\u00e7t\u0131r meksika\u2019da bulunan, \u201ctree of tule\u201d olarak bilinen a\u011fa\u00e7; d\u00fcnyan\u0131n en sa\u011flam ve en geni\u015f g\u00f6vdesine sahip a\u011fac\u0131d\u0131r g\u00f6kku\u015fa\u011f\u0131 okalipt\u00fcs a\u011fac\u0131 baobab a\u011fac\u0131 g\u00f6vdesinde 120 000 litre su depolayabilir<\/p>\n","protected":false},"author":1,"featured_media":0,"parent":0,"menu_order":0,"comment_status":"closed","ping_status":"closed","template":"","meta":{"footnotes":""},"class_list":["post-42","page","type-page","status-publish","hentry"],"_links":{"self":[{"href":"http:\/\/catalhoyukdogader.org.tr\/index.php\/wp-json\/wp\/v2\/pages\/42"}],"collection":[{"href":"http:\/\/catalhoyukdogader.org.tr\/index.php\/wp-json\/wp\/v2\/pages"}],"about":[{"href":"http:\/\/catalhoyukdogader.org.tr\/index.php\/wp-json\/wp\/v2\/types\/page"}],"author":[{"embeddable":true,"href":"http:\/\/catalhoyukdogader.org.tr\/index.php\/wp-json\/wp\/v2\/users\/1"}],"replies":[{"embeddable":true,"href":"http:\/\/catalhoyukdogader.org.tr\/index.php\/wp-json\/wp\/v2\/comments?post=42"}],"version-history":[{"count":3,"href":"http:\/\/catalhoyukdogader.org.tr\/index.php\/wp-json\/wp\/v2\/pages\/42\/revisions"}],"predecessor-version":[{"id":50,"href":"http:\/\/catalhoyukdogader.org.tr\/index.php\/wp-json\/wp\/v2\/pages\/42\/revisions\/50"}],"wp:attachment":[{"href":"http:\/\/catalhoyukdogader.org.tr\/index.php\/wp-json\/wp\/v2\/media?parent=42"}],"curies":[{"name":"wp","href":"https:\/\/api.w.org\/{rel}","templated":true}]}}