{"id":39,"date":"2024-11-12T22:52:19","date_gmt":"2024-11-12T19:52:19","guid":{"rendered":"http:\/\/catalhoyukdogader.org.tr\/?page_id=39"},"modified":"2024-11-20T21:14:40","modified_gmt":"2024-11-20T18:14:40","slug":"kutuphane","status":"publish","type":"page","link":"http:\/\/catalhoyukdogader.org.tr\/index.php\/kutuphane\/","title":{"rendered":"K\u00fct\u00fcphane"},"content":{"rendered":"\n<p>\u0130\u011eDE A\u011eACI<\/p>\n\n\n\n<figure class=\"wp-block-gallery has-nested-images columns-default is-cropped wp-block-gallery-1 is-layout-flex wp-block-gallery-is-layout-flex\">\n<figure class=\"wp-block-image size-large\"><img loading=\"lazy\" decoding=\"async\" width=\"1024\" height=\"683\" data-id=\"52\" src=\"http:\/\/catalhoyukdogader.org.tr\/wp-content\/uploads\/2024\/11\/igde-agaci.jpg\" alt=\"\" class=\"wp-image-52\" srcset=\"http:\/\/catalhoyukdogader.org.tr\/wp-content\/uploads\/2024\/11\/igde-agaci.jpg 1024w, http:\/\/catalhoyukdogader.org.tr\/wp-content\/uploads\/2024\/11\/igde-agaci-300x200.jpg 300w, http:\/\/catalhoyukdogader.org.tr\/wp-content\/uploads\/2024\/11\/igde-agaci-768x512.jpg 768w\" sizes=\"(max-width: 1024px) 100vw, 1024px\" \/><\/figure>\n<\/figure>\n\n\n\n<p>7- 8 metreye kadar b\u00fcy\u00fcyebilen, farkl\u0131 hava ko\u015fullar\u0131nda ve farkl\u0131 topraklara yeti\u015febilen bir a\u011fa\u00e7t\u0131r. \u00dclkemizde genelde i\u00e7 anadolu, g\u00fcneydo\u011fu anadolu b\u00f6lgesinde daha yayg\u0131n yeti\u015fmektedir. Killi topraklarda yeti\u015febilmesi ve susuzlu\u011fa dayan\u0131kl\u0131 olmas\u0131 nedeni kurak b\u00f6lgelerde s\u0131k\u00e7a yeti\u015fmektedir. Ayr\u0131ca toprak kaymas\u0131n\u0131 engellmesi \u00f6zelli\u011fi nedeniyle de ekimleri yap\u0131lmaktad\u0131r. \u0130\u011fde a\u011fac\u0131, k\u00f6k\u00fcnde azot depolayabilme \u00f6zelli\u011fi oldu\u011fu i\u00e7in verimsiz topraklarda rahatl\u0131kla yeti\u015ftirilebilir<\/p>\n\n\n\n<p>ZARARLILARI:<\/p>\n\n\n\n<p>K\u0131rm\u0131z\u0131 \u00f6r\u00fcmcek, kabuklu bit en \u00e7ok g\u00f6r\u00fclen zararl\u0131lard\u0131r. Pas ve kara leke en \u00e7ok kar\u015f\u0131la\u015f\u0131lan hastal\u0131klardand\u0131r.<\/p>\n\n\n\n<p>MEYVES\u0130:<\/p>\n\n\n\n<p>\u0130\u011fde meyvesi taze olarak ya da \u00e7icekleri kaynat\u0131larak t\u00fcketilir. Ayr\u0131ca \u00e7ay, re\u00e7el, komposto ya da marmelat yap\u0131labiliyor. <\/p>\n\n\n\n<p>Haz\u0131ms\u0131zl\u0131k, gastrit gibi mide rahats\u0131zl\u0131klar\u0131na iyi geliyor. Kan \u015fekerini d\u00fc\u015f\u00fcr\u00fcc\u00fc \u00f6zelli\u011fi buluyor. Kuru \u00f6ks\u00fcr\u00fc\u011f\u00fc kesti\u011fi, ast\u0131m ve allerjik rinit gibi hastal\u0131klar\u0131n semptomlar\u0131n\u0131 azaltt\u0131\u011f\u0131, y\u00fcksek antioksidan \u00f6zelli\u011fi sayesinde kanser ve cilt rahats\u0131zl\u0131klar\u0131yla sava\u015ft\u0131\u011f\u0131, y\u00fcksek C vitamini nedeniyle de k\u0131\u015f aylar\u0131nda ba\u011f\u0131\u015f\u0131kl\u0131\u011f\u0131 y\u00fckseltti\u011fi biliniyor.<\/p>\n\n\n\n<p>D\u0130\u015eBUDAK A\u011eACI<\/p>\n\n\n\n<figure class=\"wp-block-gallery has-nested-images columns-default is-cropped wp-block-gallery-2 is-layout-flex wp-block-gallery-is-layout-flex\">\n<figure class=\"wp-block-image size-large\"><img loading=\"lazy\" decoding=\"async\" width=\"500\" height=\"500\" data-id=\"56\" src=\"http:\/\/catalhoyukdogader.org.tr\/wp-content\/uploads\/2024\/11\/disbudak.jpg\" alt=\"\" class=\"wp-image-56\" srcset=\"http:\/\/catalhoyukdogader.org.tr\/wp-content\/uploads\/2024\/11\/disbudak.jpg 500w, http:\/\/catalhoyukdogader.org.tr\/wp-content\/uploads\/2024\/11\/disbudak-300x300.jpg 300w, http:\/\/catalhoyukdogader.org.tr\/wp-content\/uploads\/2024\/11\/disbudak-150x150.jpg 150w\" sizes=\"(max-width: 500px) 100vw, 500px\" \/><\/figure>\n<\/figure>\n\n\n\n<p>Zeytingiller familyas\u0131ndan, s\u0131k yaprakl\u0131 olu\u015fu nedeni ile iyi g\u00f6lgelik olu\u015fturan kuzey yar\u0131mk\u00fcre a\u011fac\u0131d\u0131r. \u00c7i\u00e7ekli ve \u00e7i\u00e7eksiz t\u00fcrleri bulunur. Sonbahar geldi\u011finde sar\u0131 ve k\u0131rm\u0131z\u0131 renge b\u00fcr\u00fcnmesi ile bilinir. So\u011fu\u011fa kar\u015f\u0131 dayan\u0131kl\u0131 bir a\u011fa\u00e7t\u0131r, verimli topraklar\u0131 sever. Su iste\u011fi azd\u0131r, kurak d\u00f6nemlerde sulanmas\u0131nda fayda vard\u0131r. Verimli topraklarda boyu 30 metreye kadar uzayabilir. <\/p>\n\n\n\n<p>ZARARLILARI<\/p>\n\n\n\n<p>Ha\u015fere ve zararl\u0131lara \u00e7o\u011fu a\u011fa\u00e7tan daha dayan\u0131kl\u0131d\u0131r. Yaprak biti, k\u0131n kanatl\u0131lar zararl\u0131lar\u0131 ile yaprak lekelenmesi, pas, doku bozukla\u015fmas\u0131 gibi hastal\u0131klar en s\u0131k g\u00f6r\u00fclenleridir.<\/p>\n\n\n\n<p>YAPRA\u011eI<\/p>\n\n\n\n<p>Ate\u015f d\u00fc\u015f\u00fcr\u00fcc\u00fc \u00f6zelli\u011fi vard\u0131r. Su ile demlendi\u011finde a\u011fr\u0131 kesici \u00f6zelli\u011fi sayesinde romatizma ve gut a\u011fr\u0131s\u0131n\u0131 keser. Ba\u011f\u0131\u015f\u0131kl\u0131\u011f\u0131 g\u00fc\u00e7lendirip, a\u011f\u0131z i\u00e7i enfeksiyonlar\u0131na iyi gelir. Ayasofya caminin yap\u0131m\u0131nda kullan\u0131lan harc\u0131n, di\u015fbudak a\u011fac\u0131n\u0131n yapraklar\u0131n\u0131n kaynat\u0131lmas\u0131ndan elde edilen suyun kat\u0131larak yap\u0131ld\u0131\u011f\u0131 tespit edilmi\u015f olup, bu harc\u0131n normal har\u00e7tan 2,5 kat daha dayan\u0131kl\u0131 ve ba\u011flay\u0131c\u0131 oldu\u011fu bulunmu\u015ftur.<\/p>\n\n\n\n<p>AKASYA A\u011eACI<\/p>\n\n\n\n<figure class=\"wp-block-gallery has-nested-images columns-default is-cropped wp-block-gallery-3 is-layout-flex wp-block-gallery-is-layout-flex\">\n<figure class=\"wp-block-image size-large\"><img loading=\"lazy\" decoding=\"async\" width=\"1024\" height=\"768\" data-id=\"64\" src=\"http:\/\/catalhoyukdogader.org.tr\/wp-content\/uploads\/2024\/11\/akasya-1024x768.jpeg\" alt=\"\" class=\"wp-image-64\" srcset=\"http:\/\/catalhoyukdogader.org.tr\/wp-content\/uploads\/2024\/11\/akasya-1024x768.jpeg 1024w, http:\/\/catalhoyukdogader.org.tr\/wp-content\/uploads\/2024\/11\/akasya-300x225.jpeg 300w, http:\/\/catalhoyukdogader.org.tr\/wp-content\/uploads\/2024\/11\/akasya-768x576.jpeg 768w, http:\/\/catalhoyukdogader.org.tr\/wp-content\/uploads\/2024\/11\/akasya-1536x1152.jpeg 1536w, http:\/\/catalhoyukdogader.org.tr\/wp-content\/uploads\/2024\/11\/akasya.jpeg 1600w\" sizes=\"(max-width: 1024px) 100vw, 1024px\" \/><\/figure>\n<\/figure>\n\n\n\n<p>Akasya a\u011fac\u0131 1000&#8217;den fazla \u00e7e\u015fidiyle en fazla \u00e7e\u015fitlili\u011fe sahip a\u011fa\u00e7 t\u00fcrlerinden biridir. So\u011fu\u011fa ve s\u0131ca\u011fa dayan\u0131kl\u0131 olu\u015fu, su a\u00e7\u0131s\u0131ndan kanaatkar olu\u015fu ve kumul alanlarda bile b\u00fcy\u00fcyebilmesi nedeniyle \u00fclkemizin i\u00e7 kesimlerinde olduk\u00e7a s\u0131k yeti\u015ftirilmektedir. Boyu t\u00fcr\u00fcne g\u00f6re, 2 metreden 30 metreye kadar de\u011fi\u015febilmektedir. Sert ve s\u0131k\u0131 dokusundan dolay\u0131 i\u015flenmesi zordur.<\/p>\n\n\n\n<p>ZARARLILARI<\/p>\n\n\n\n<p>K\u0131rm\u0131z\u0131 \u00f6r\u00fcmcek, beyazsinek ve kabuklu bit zararl\u0131lar\u0131, k\u00fclleme, kara leke ve k\u00f6k bo\u011faz\u0131 \u00e7\u00fcr\u00fckl\u00fc\u011f\u00fc hastal\u0131klar\u0131 en \u00e7ok g\u00f6r\u00fclmektedir.<\/p>\n\n\n\n<p>YAPRA\u011eI VE \u00c7\u0130\u00c7E\u011e\u0130<\/p>\n\n\n\n<p>So\u011fuk alg\u0131nl\u0131\u011f\u0131na iyi gelir, v\u00fccudu terletir.Safray\u0131 artt\u0131r\u0131r. Yapra\u011f\u0131 fazla t\u00fcketilirse hafif zehirlenme yapabilir. Baz\u0131 akasya t\u00fcrlerinden zamk \u00e7\u0131kar\u0131lmaktad\u0131r. Odunu suda kaynat\u0131larak dericilik, kuma\u015f boyama, t\u0131p, parf\u00fcmeri gibi alanlarda faydalan\u0131lmakt\u0131r. Bal \u00fcretimine katk\u0131s\u0131 y\u00fcksektir. <\/p>\n","protected":false},"excerpt":{"rendered":"<p>\u0130\u011eDE A\u011eACI 7- 8 metreye kadar b\u00fcy\u00fcyebilen, farkl\u0131 hava ko\u015fullar\u0131nda ve farkl\u0131 topraklara yeti\u015febilen bir a\u011fa\u00e7t\u0131r. \u00dclkemizde genelde i\u00e7 anadolu, g\u00fcneydo\u011fu anadolu b\u00f6lgesinde daha yayg\u0131n yeti\u015fmektedir. Killi topraklarda yeti\u015febilmesi ve susuzlu\u011fa dayan\u0131kl\u0131 olmas\u0131 nedeni kurak b\u00f6lgelerde s\u0131k\u00e7a yeti\u015fmektedir. Ayr\u0131ca toprak kaymas\u0131n\u0131 engellmesi \u00f6zelli\u011fi nedeniyle de ekimleri yap\u0131lmaktad\u0131r. \u0130\u011fde a\u011fac\u0131, k\u00f6k\u00fcnde azot depolayabilme \u00f6zelli\u011fi oldu\u011fu i\u00e7in [&hellip;]<\/p>\n","protected":false},"author":1,"featured_media":0,"parent":0,"menu_order":0,"comment_status":"closed","ping_status":"closed","template":"","meta":{"footnotes":""},"class_list":["post-39","page","type-page","status-publish","hentry"],"_links":{"self":[{"href":"http:\/\/catalhoyukdogader.org.tr\/index.php\/wp-json\/wp\/v2\/pages\/39"}],"collection":[{"href":"http:\/\/catalhoyukdogader.org.tr\/index.php\/wp-json\/wp\/v2\/pages"}],"about":[{"href":"http:\/\/catalhoyukdogader.org.tr\/index.php\/wp-json\/wp\/v2\/types\/page"}],"author":[{"embeddable":true,"href":"http:\/\/catalhoyukdogader.org.tr\/index.php\/wp-json\/wp\/v2\/users\/1"}],"replies":[{"embeddable":true,"href":"http:\/\/catalhoyukdogader.org.tr\/index.php\/wp-json\/wp\/v2\/comments?post=39"}],"version-history":[{"count":8,"href":"http:\/\/catalhoyukdogader.org.tr\/index.php\/wp-json\/wp\/v2\/pages\/39\/revisions"}],"predecessor-version":[{"id":66,"href":"http:\/\/catalhoyukdogader.org.tr\/index.php\/wp-json\/wp\/v2\/pages\/39\/revisions\/66"}],"wp:attachment":[{"href":"http:\/\/catalhoyukdogader.org.tr\/index.php\/wp-json\/wp\/v2\/media?parent=39"}],"curies":[{"name":"wp","href":"https:\/\/api.w.org\/{rel}","templated":true}]}}

Kütüphane

<p>İĞDE AĞACI</p>



<figure class="wp-block-gallery has-nested-images columns-default is-cropped wp-block-gallery-1 is-layout-flex wp-block-gallery-is-layout-flex">
<figure class="wp-block-image size-large"><img loading="lazy" decoding="async" width="1024" height="683" data-id="52" src="http://catalhoyukdogader.org.tr/wp-content/uploads/2024/11/igde-agaci.jpg" alt="" class="wp-image-52" srcset="http://catalhoyukdogader.org.tr/wp-content/uploads/2024/11/igde-agaci.jpg 1024w, http://catalhoyukdogader.org.tr/wp-content/uploads/2024/11/igde-agaci-300x200.jpg 300w, http://catalhoyukdogader.org.tr/wp-content/uploads/2024/11/igde-agaci-768x512.jpg 768w" sizes="(max-width: 1024px) 100vw, 1024px" /></figure>
</figure>



<p>7- 8 metreye kadar büyüyebilen, farklı hava koşullarında ve farklı topraklara yetişebilen bir ağaçtır. Ülkemizde genelde iç anadolu, güneydoğu anadolu bölgesinde daha yaygın yetişmektedir. Killi topraklarda yetişebilmesi ve susuzluğa dayanıklı olması nedeni kurak bölgelerde sıkça yetişmektedir. Ayrıca toprak kaymasını engellmesi özelliği nedeniyle de ekimleri yapılmaktadır. İğde ağacı, kökünde azot depolayabilme özelliği olduğu için verimsiz topraklarda rahatlıkla yetiştirilebilir</p>



<p>ZARARLILARI:</p>



<p>Kırmızı örümcek, kabuklu bit en çok görülen zararlılardır. Pas ve kara leke en çok karşılaşılan hastalıklardandır.</p>



<p>MEYVESİ:</p>



<p>İğde meyvesi taze olarak ya da çicekleri kaynatılarak tüketilir. Ayrıca çay, reçel, komposto ya da marmelat yapılabiliyor. </p>



<p>Hazımsızlık, gastrit gibi mide rahatsızlıklarına iyi geliyor. Kan şekerini düşürücü özelliği buluyor. Kuru öksürüğü kestiği, astım ve allerjik rinit gibi hastalıkların semptomlarını azalttığı, yüksek antioksidan özelliği sayesinde kanser ve cilt rahatsızlıklarıyla savaştığı, yüksek C vitamini nedeniyle de kış aylarında bağışıklığı yükselttiği biliniyor.</p>



<p>DİŞBUDAK AĞACI</p>



<figure class="wp-block-gallery has-nested-images columns-default is-cropped wp-block-gallery-2 is-layout-flex wp-block-gallery-is-layout-flex">
<figure class="wp-block-image size-large"><img loading="lazy" decoding="async" width="500" height="500" data-id="56" src="http://catalhoyukdogader.org.tr/wp-content/uploads/2024/11/disbudak.jpg" alt="" class="wp-image-56" srcset="http://catalhoyukdogader.org.tr/wp-content/uploads/2024/11/disbudak.jpg 500w, http://catalhoyukdogader.org.tr/wp-content/uploads/2024/11/disbudak-300x300.jpg 300w, http://catalhoyukdogader.org.tr/wp-content/uploads/2024/11/disbudak-150x150.jpg 150w" sizes="(max-width: 500px) 100vw, 500px" /></figure>
</figure>



<p>Zeytingiller familyasından, sık yapraklı oluşu nedeni ile iyi gölgelik oluşturan kuzey yarımküre ağacıdır. Çiçekli ve çiçeksiz türleri bulunur. Sonbahar geldiğinde sarı ve kırmızı renge bürünmesi ile bilinir. Soğuğa karşı dayanıklı bir ağaçtır, verimli toprakları sever. Su isteği azdır, kurak dönemlerde sulanmasında fayda vardır. Verimli topraklarda boyu 30 metreye kadar uzayabilir. </p>



<p>ZARARLILARI</p>



<p>Haşere ve zararlılara çoğu ağaçtan daha dayanıklıdır. Yaprak biti, kın kanatlılar zararlıları ile yaprak lekelenmesi, pas, doku bozuklaşması gibi hastalıklar en sık görülenleridir.</p>



<p>YAPRAĞI</p>



<p>Ateş düşürücü özelliği vardır. Su ile demlendiğinde ağrı kesici özelliği sayesinde romatizma ve gut ağrısını keser. Bağışıklığı güçlendirip, ağız içi enfeksiyonlarına iyi gelir. Ayasofya caminin yapımında kullanılan harcın, dişbudak ağacının yapraklarının kaynatılmasından elde edilen suyun katılarak yapıldığı tespit edilmiş olup, bu harcın normal harçtan 2,5 kat daha dayanıklı ve bağlayıcı olduğu bulunmuştur.</p>



<p>AKASYA AĞACI</p>



<figure class="wp-block-gallery has-nested-images columns-default is-cropped wp-block-gallery-3 is-layout-flex wp-block-gallery-is-layout-flex">
<figure class="wp-block-image size-large"><img loading="lazy" decoding="async" width="1024" height="768" data-id="64" src="http://catalhoyukdogader.org.tr/wp-content/uploads/2024/11/akasya-1024x768.jpeg" alt="" class="wp-image-64" srcset="http://catalhoyukdogader.org.tr/wp-content/uploads/2024/11/akasya-1024x768.jpeg 1024w, http://catalhoyukdogader.org.tr/wp-content/uploads/2024/11/akasya-300x225.jpeg 300w, http://catalhoyukdogader.org.tr/wp-content/uploads/2024/11/akasya-768x576.jpeg 768w, http://catalhoyukdogader.org.tr/wp-content/uploads/2024/11/akasya-1536x1152.jpeg 1536w, http://catalhoyukdogader.org.tr/wp-content/uploads/2024/11/akasya.jpeg 1600w" sizes="(max-width: 1024px) 100vw, 1024px" /></figure>
</figure>



<p>Akasya ağacı 1000&#8217;den fazla çeşidiyle en fazla çeşitliliğe sahip ağaç türlerinden biridir. Soğuğa ve sıcağa dayanıklı oluşu, su açısından kanaatkar oluşu ve kumul alanlarda bile büyüyebilmesi nedeniyle ülkemizin iç kesimlerinde oldukça sık yetiştirilmektedir. Boyu türüne göre, 2 metreden 30 metreye kadar değişebilmektedir. Sert ve sıkı dokusundan dolayı işlenmesi zordur.</p>



<p>ZARARLILARI</p>



<p>Kırmızı örümcek, beyazsinek ve kabuklu bit zararlıları, külleme, kara leke ve kök boğazı çürüklüğü hastalıkları en çok görülmektedir.</p>



<p>YAPRAĞI VE ÇİÇEĞİ</p>



<p>Soğuk algınlığına iyi gelir, vücudu terletir.Safrayı arttırır. Yaprağı fazla tüketilirse hafif zehirlenme yapabilir. Bazı akasya türlerinden zamk çıkarılmaktadır. Odunu suda kaynatılarak dericilik, kumaş boyama, tıp, parfümeri gibi alanlarda faydalanılmaktır. Bal üretimine katkısı yüksektir. </p>

<p>İĞDE AĞACI 7- 8 metreye kadar büyüyebilen, farklı hava koşullarında ve farklı topraklara yetişebilen bir ağaçtır. Ülkemizde genelde iç anadolu, güneydoğu anadolu bölgesinde daha yaygın yetişmektedir. Killi topraklarda yetişebilmesi ve susuzluğa dayanıklı olması nedeni kurak bölgelerde sıkça yetişmektedir. Ayrıca toprak kaymasını engellmesi özelliği nedeniyle de ekimleri yapılmaktadır. İğde ağacı, kökünde azot depolayabilme özelliği olduğu için [&hellip;]</p>
