{"id":27,"date":"2024-11-12T22:20:43","date_gmt":"2024-11-12T19:20:43","guid":{"rendered":"http:\/\/catalhoyukdogader.org.tr\/?page_id=27"},"modified":"2024-11-20T20:17:07","modified_gmt":"2024-11-20T17:17:07","slug":"iletisim","status":"publish","type":"page","link":"http:\/\/catalhoyukdogader.org.tr\/index.php\/iletisim\/","title":{"rendered":"\u0130leti\u015fim"},"content":{"rendered":"\n<p>Meydan Mahallesi Hastane Caddesi 9\/G \u00c7umra\/Konya<\/p>\n\n\n\n<p>Telefon: 0532 5183884<\/p>\n\n\n\n<p>facebook: Hen\u00fcz facebook sayfam\u0131z bulunmamaktad\u0131r.<\/p>\n","protected":false},"excerpt":{"rendered":"<p>Meydan Mahallesi Hastane Caddesi 9\/G \u00c7umra\/Konya Telefon: 0532 5183884 facebook: Hen\u00fcz facebook sayfam\u0131z bulunmamaktad\u0131r.<\/p>\n","protected":false},"author":1,"featured_media":0,"parent":0,"menu_order":0,"comment_status":"closed","ping_status":"closed","template":"","meta":{"footnotes":""},"class_list":["post-27","page","type-page","status-publish","hentry"],"_links":{"self":[{"href":"http:\/\/catalhoyukdogader.org.tr\/index.php\/wp-json\/wp\/v2\/pages\/27"}],"collection":[{"href":"http:\/\/catalhoyukdogader.org.tr\/index.php\/wp-json\/wp\/v2\/pages"}],"about":[{"href":"http:\/\/catalhoyukdogader.org.tr\/index.php\/wp-json\/wp\/v2\/types\/page"}],"author":[{"embeddable":true,"href":"http:\/\/catalhoyukdogader.org.tr\/index.php\/wp-json\/wp\/v2\/users\/1"}],"replies":[{"embeddable":true,"href":"http:\/\/catalhoyukdogader.org.tr\/index.php\/wp-json\/wp\/v2\/comments?post=27"}],"version-history":[{"count":5,"href":"http:\/\/catalhoyukdogader.org.tr\/index.php\/wp-json\/wp\/v2\/pages\/27\/revisions"}],"predecessor-version":[{"id":63,"href":"http:\/\/catalhoyukdogader.org.tr\/index.php\/wp-json\/wp\/v2\/pages\/27\/revisions\/63"}],"wp:attachment":[{"href":"http:\/\/catalhoyukdogader.org.tr\/index.php\/wp-json\/wp\/v2\/media?parent=27"}],"curies":[{"name":"wp","href":"https:\/\/api.w.org\/{rel}","templated":true}]}}